- 2*b**3 - 141*b. Calculate f(4).
2
Let v be (0 + 3 - -2) + 4. Let j(n) = -19 - 9*n - 10*n + 27 - v. What is j(1)?
-20
Let k(a) be the second derivative of -1/6*a**3 + 35*a + 17/2*a**2 + 0 - 1/12*a**4. Suppose -4*u = j + 16, 0 = 6*j - 4*j - 2*u - 8. Calculate k(j).
17
Let j(b) be the third derivative of 0 + 0*b - 1/120*b**6 - 158*b**2 + 0*b**4 - 1/30*b**5 + 0*b**3. Calculate j(0).
0
Let l(n) = -3*n**3 + 22*n**2 + 44*n - 356. Let r be l(7). Let u(y) = -9*y**3 + 2*y - 1. What is u(r)?
-8
Let w(p) = -48*p - 1473. Let m(h) = 12*h + 349. Let i(q) = -9*m(q) - 2*w(q). Give i(-16).
-3
Let t(y) be the third derivative of -79*y**2 + 0*y + 0 + 3/2*y**3 - 1/24*y**4. Calculate t(6).
3
Let r(m) be the third derivative of 1/24*m**4 + m - 20*m**2 + 0 + 4/3*m**3. Determine r(-7).
1
Let k(z) = -84*z + 29. Let j(h) = -136*h + 44. Let m(g) = -5*j(g) + 8*k(g). Determine m(-10).
-68
Let l(z) = z**2 - 16*z + 38. Let n be l(12). Let a be -25*(-3 - (-16)/4). Let k be 54/10 - 1/(a/n). Let i(y) = y**2 - 4*y - 1. What is i(k)?
4
Let z(g) = -5 + 4 + 1 + 6 - g + 2. Let o be 2 - (-3 + (-4)/(-1)). Let y = o + 6. Calculate z(y).
1
Let u(l) = 2*l**2 - 23*l - 96. Let b be u(23). Let c(p) = -427 - b + 863 - 3*p. Calculate c(4).
-9
Let o(p) = -3 - p**2 - 51444*p + 15 + 51436*p. Give o(0).
12
Suppose 3*d + 5 = -7. Let i be (-4 + 3)/((-2)/d). Let p(s) be the third derivative of -s**6/60 - s**5/60 - s**4/24 - 37*s**2 - 9. Determine p(i).
14
Let u be ((-516)/30)/(1/(-10)). Let b(s) = -3*s + 173 + 179 + u - 523. Suppose -i + 2*i = -1. Give b(i).
4
Let m(a) = -6*a + 3. Let l(u) = u**3 + 6*u**2 - 9*u - 12. Let n be l(-7). Suppose -b + n = 4*t, 2*b - 1 = 4*t + 15. Let g be 12/9*9/b. Determine m(g).
-9
Let c(d) = d**2 - 3*d - 12. Suppose -4*b + n + 31 = 0, -4*b - 5*n + 10 + 3 = 0. Determine c(b).
16
Let b(g) = 6*g + 4. Suppose -23*t + 194 = -105*t + 30. Determine b(t).
-8
Let v(c) = 168766 + 10*c**3 - 9*c**3 - 168774 + 7*c**2. Suppose 0 = -3*y - 2*y - 30. Determine v(y).
28
Suppose 34 = -490*t + 488*t - 4*s, -40 = 4*t + s. Let u(h) = 2*h - 3 - 3*h + 6. Determine u(t).
12
Let i(a) = -7436*a + 81778. Let y be i(11). Let v(c) be the second derivative of -c**4/12 - 3*c**3 + 4*c**2 - c. What is v(y)?
8
Let m(t) = t**3 - 6*t**2 + 3*t + 4. Suppose 0 = -3*b - 3*a, 5*a = 3*b - 6*b. Let i(s) = -s**3 - s**2 + 5. Let l be i(0). Let j = b + l. Determine m(j).
-6
Let y(w) = -w**2 - 4*w + 6. Let n be y(-5). Suppose -5 = -4*m - n. Let q(x) = 5*x - 14. Let s(h) = -h + 1. Let a(o) = m*q(o) + 6*s(o). Determine a(-7).
-1
Let o(c) = 3*c - 36. Suppose -5*l + 58 = -k, 429*k = -3*l + 432*k + 18. Give o(l).
3
Let i(g) = 5*g**2 + 36*g - 25. Let o be i(-8). Let s(r) = -12*r**2 + 13*r - 4*r - 5*r**2 - o + 16*r**2. Calculate s(7).
7
Let m(p) = p**3 + p**2 - p. Let i(k) = -2*k + 2. Let s be i(-3). Let t(u) = -u**2 + 10*u - 22. Let o be t(5). Suppose o = s*x - 5*x. Determine m(x).
1
Let q be (-6)/4 - ((-90)/12 + 0). Let d(j) = j**2 + 3*j - 17. Let y(i) = i**2 + 2*i - 18. Let a(b) = q*d(b) - 5*y(b). Give a(-9).
-3
Let n(r) = r**2 + 10*r + 27. Let a be 2*2/4*(216 + -219). What is n(a)?
6
Suppose 0 = -3*y + 4*b + 3 + 1, y = -4*b - 4. Suppose y = 5*f + 4*z + 15, -3*z + 10 + 5 = -5*f. Let u(p) = 7 + 364449*p - 364444*p - 8. Give u(f).
-16
Let x(c) = 11*c - 99. Let t = -7227 - -7235. Determine x(t).
-11
Suppose i - 9 = -k, -5*i + 3*k = -k - 18. Let v(x) be the second derivative of 86*x - 4/3*x**3 + 5/2*x**2 - 5/12*x**4 + 1/20*x**5 + 0. Calculate v(i).
-7
Let n(l) = -5*l**3 - 52*l**2 + 34*l + 15. Let z(r) = r**3 + 10*r**2 - 7*r - 3. Let x(t) = -2*n(t) - 11*z(t). Let i = -86 + 79. Give x(i).
-11
Suppose -2*z + 14 = 0, -3*l + 29*z = 24*z + 35. Let y(b) be the second derivative of l*b**4 + 0*b**3 - 5*b + 0 + 0*b**2 + 1/5*b**5. Give y(-1).
-4
Let f(s) = s**2 + s + 4. Let w = 598 + -592. Determine f(w).
46
Let m be (-1)/((-1)/7 + 0). Suppose 0 = 8*b - 197 + 101. Let i(o) = -o - b - o + m. Calculate i(-6).
7
Let b(g) be the third derivative of 0*g + 1/30*g**5 + 34*g**2 + 31/6*g**3 - 1/6*g**4 + 0 - 1/360*g**6. Let y(v) be the first derivative of b(v). Calculate y(6).
-16
Let t(j) = 189*j - 197*j + j**3 + 826*j**2 + 6 - 830*j**2. Give t(5).
-9
Let q(a) = -42*a + 41 + 28*a + 14 + 24*a + 19. Give q(-8).
-6
Suppose -12*p + 9*p = -3*n - 9, -n - 9 = -2*p. Let z(d) = 10*d + 2. Let h(l) = 12*l + 3. Let r(b) = -4*h(b) + 5*z(b). Determine r(p).
10
Let r(n) = n**2 - 4 + 3 + 2 + 6*n. Let t be ((-4)/(-2) - (-9)/6)*(732 - 734). What is r(t)?
8
Let f(l) = -l**2 - 3*l + 17. Suppose -2 = -n - 2*k, 8*n - 2*k = 11*n - 10. What is f(n)?
-11
Suppose -324 = -3*u - 15*u. Suppose -9 = -4*w - l, -l - 3*l = -w + 15. Suppose -w*o + 0*o = u. Let p(q) = 3*q - 6. What is p(o)?
-24
Let s be 3 + -1 + -1 + -1. Suppose 0 = -374*m + 350*m + 48. Let v be s/((1 - m)/(-1)). Let j(f) = f**3 - f**2 - f + 5. Give j(v).
5
Let r(i) = i**3 + 11*i**2 - 3*i - 52. Let v be r(-11). Let h(m) = -m - 10. Calculate h(v).
9
Let f(i) = 4*i - 209. Let x(l) = -l - 58. Let o(z) = f(z) - 3*x(z). Give o(11).
42
Let x(f) = -f**3 - 14*f**2 - 60*f - 208. Let d be x(-10). Suppose k = -2*j + 5, 0*j + 6 = 2*j + 2*k. Let b(o) = 7 + 4*o + 0*o**2 + 6*o + o**j. Determine b(d).
-9
Let o(f) be the third derivative of -f**6/120 + 23*f**5/60 - 19*f**4/24 - 19*f**3/2 - 1964*f**2. Calculate o(22).
9
Let p(t) = 35*t**2 - 456*t + 23. Let m be p(13). Let y(q) = -2*q**2 + 23*q - 13. What is y(m)?
17
Let x = -115500 - -115494. Let r(g) be the second derivative of -g**4/12 + g. Let h(n) = n**3 + 7*n**2 - 3*n - 4. Let i(p) = h(p) + r(p). Calculate i(x).
14
Suppose -54*h + 130*h - 1714 = -194. Let f(m) = -m**2 + 23*m - 70. Give f(h).
-10
Let f(u) = -7*u - 11. Let n(g) = 33*g + 78. Let y(w) = 5*f(w) + n(w). Give y(-10).
43
Let w(t) = -t**2 - 4*t + 2. Let z be (3 - 228/20)/(2/5). Let g be (-2 - 70/z)*-3. What is w(g)?
2
Let g(n) = 3*n - 21 + 6*n**2 + 30 + 85949*n**3 - 85948*n**3. Let x(k) = -k**2 + 3*k + 4. Let p be x(5). What is g(p)?
-9
Let c(x) = x**3 + 82*x**2 - 170*x - 165. Let q be c(-84). Let r be 4/(3*2/9). Let o(a) = 0*a**2 - q*a**2 - 3*a**2 - 2*a - r + 7*a**2. Determine o(-4).
18
Let r be 3/(4/4 + 0). Suppose -3*v - 3*z = -4*z - 29, 6 = -r*z. Let u(h) = -h**2 + 95 + 0*h**2 + 51 - 154 + 11*h. Calculate u(v).
10
Let c(l) = -4*l**2 - 17*l + 6. Let q be c(-3). Suppose 0 = -14*k + 91 - q. Let m(j) = j**2 - 5*j + 4. What is m(k)?
4
Let x(l) = l**3 - 6*l**2 - 6*l - 10. Suppose -4*z = -8, -4*s - 2 = 5*z + 20. Let n be (4*1)/(s/68)*-2. Suppose -n = -12*i + 16. What is x(i)?
-3
Let d(k) = -4*k**2 - k - 5. Let g be (105/42)/((-1)/(-4)*2). Give d(g).
-110
Let i(c) = 34*c + 5742. Let u be i(-169). Let w(f) = 12*f + 60. Give w(u).
12
Suppose -9*l = -24 - 219. Let s(p) = -2*p + 56. Calculate s(l).
2
Let h = 125 + -133. Let a(y) = -35*y - 3. Let d(g) = 22*g + 2. Let r(u) = h*d(u) - 5*a(u). What is r(4)?
-5
Let s(u) = 2*u**3 + 51*u**2 - 71*u + 261. Let j be s(-27). Let v(k) = k**2 + 2*k - 21. Determine v(j).
42
Let t(m) = 13*m + 97. Let z be t(-7). Let s(o) be the first derivative of -2*o**3 + 3*o - 2 + 1/2*o**2 + 1/4*o**4. Give s(z).
9
Let o = -17 + 10. Let n(u) = u + 4. Let p(v) = 15*v + 43. Let y(g) = -12*n(g) + p(g). What is y(o)?
-26
Let d(i) be the second derivative of 4 + 11*i**2 + 1/3*i**3 + 16*i. What is d(-9)?
4
Let y be (-5 + -4)/9*-3. Let a(l) be the first derivative of -2*l**3/3 + 5*l**2/2 - 2*l - 27. Calculate a(y).
-5
Let p(z) = -z**3 + 33*z**2 + 73*z - 107. Let l be p(35). Let o(g) = g**2 - 5*g + 3 + g**3 - 18*g + 30*g - 6*g. Give o(l).
-3
Suppose 3*x = 2*x - 3*h + 5, -4*x + 20 = 2*h. Suppose 7*f - 15 = 4*l + 4*f, 4*l + f - x = 0. Suppose -v + 5*v - 8 = l. Let m(q) = -2*q + 2. Give m(v).
-2
Let g(m) be the first derivative of -2*m**3/3 + 3*m**2/2 + 36*m - 1221. Calculate g(-4).
-8
Let f(o) be the third derivative of -85*o**4/24 - 13*o**3/6 + 6*o**2 + 6*o - 5. Give f(2).
-183
Let n(d) = -23*d**3 - 26*d**2 - 11*d + 14. Let u(w) = 4*w**3 + 6*w**2 - 2*w - 1. Let s(a) = -n(a) - 6*u(a). Calculate s(-12).
4
Let l = -78 + 79. Let a(j) = 17 - 16 - 4*j - j**3 + 2*j + 4*j**3. Determine a(l).
2
Let n(f) = 8*f**2 + 56 - 19 - 28*f - 22 + f**3 - 28 + 6*f**2. Give n(-15).
182
Let d(a) = 3*a**2 + 2*a - 2. Let j(q) = q**3 + 5*q**2 - 3*q + 19. Let i be j(-6). Determine d(i).
3
Let o = -6 + 9. Suppose -7*h = -4*h - 12. Le